 (20/a)/(-4)?
8
What is the hundreds digit of 55*(35 + -7) - 16?
5
Let l(z) = -z**3 + 2*z**2 + 2*z + 2. Let j be 5/(-1) + (54/(-6))/(-3). Let y be l(j). Let s(u) = -2*u + 61. What is the units digit of s(y)?
3
Let t(h) = -1770*h**3 - h**2 - 4*h - 4. What is the units digit of t(-1)?
9
Suppose -24*d + 135322 = -455774. What is the units digit of d?
9
Let x = 49 + -123. Let g = 74 + x. Suppose g = 2*l - 3*h - 549, l = -5*h + 128 + 166. What is the hundreds digit of l?
2
Suppose 1396 - 4854 = -13*r. Let j = -7 - -14. Suppose 9*l = j*l + r. What is the units digit of l?
3
Suppose -471*p = 470*p - 950*p + 12780. What is the units digit of p?
0
Let a(c) = 2*c**3 - 29*c**2 - 14*c - 43. Let o be a(16). What is the tens digit of 4 + (o/(-3) + 4)*-6?
8
Suppose -90384*y + 90400*y = 65824. What is the thousands digit of y?
4
Suppose 178 = -4*k + 762. Let g = -215 + k. Let y = -2 - g. What is the units digit of y?
7
Let b = -239 + 259. What is the tens digit of (44632/(-16)*b/(-35))/2?
9
Let k be (0 - 9/(-24)) + 36/(-96). Suppose -4*y + 3*n = -763 - 98, y - n - 215 = k. What is the units digit of y?
6
Suppose -214199 = -74*v + 9*v + 24546. What is the thousands digit of v?
3
Let z(j) = j**2 + 3*j - 3. Let k(h) = h**3 + 19*h**2 - 20*h + 5. Let n be k(-20). Suppose g = -n*g - 60. What is the tens digit of z(g)?
6
Let w = -2023 - -41545. What is the thousands digit of w?
9
Let f be 62154/4*(-13)/(507/(-52)). Suppose f = 7*m + 11*m. What is the thousands digit of m?
1
Let p = 48 - 94. What is the tens digit of 11/(-33) - 129/9*p?
5
Suppose 19*f + f - 557844 = 560896. What is the units digit of f?
7
Let w(o) = -23*o + 2*o**2 - 24 - o**2 + 0*o**2. Let z be w(24). Suppose 7*i - 8*i + 39 = z. What is the units digit of i?
9
Let j(r) = r**2 - 3*r + 1. Let h be j(3). Let w(l) = 1604*l**2 + 14*l - 16. What is the hundreds digit of w(h)?
6
Let m = -150 - 97. Let x = -135 - m. What is the units digit of x?
2
Suppose s + 0*s = 3*r - 4989, 0 = 4*r - 5*s - 6652. Let w = -644 + r. What is the thousands digit of w?
1
Suppose 2*h - 2*g = 11036 + 4062, -4*h - 2*g + 30208 = 0. What is the tens digit of h?
5
Suppose 3*q - 19 + 4 = 0, -2*d = -q - 1. Suppose -u + 40*y + 97 = 45*y, d*u + 5*y = 311. What is the hundreds digit of u?
1
Let d(k) be the third derivative of -8*k**4/3 - 37*k**3/2 - k**2 + 7. What is the tens digit of d(-8)?
0
Let s = 1227 + -519. What is the units digit of ((-494)/156)/((-2)/s)?
1
Let s(i) = -2*i**3 + 34*i**2 + i - 13. Let m be s(17). Suppose m*p + 2*o = 2436, 1202 = -4*p + 6*p + 5*o. What is the tens digit of p?
1
Let x = 36 + -34. Suppose 0 = s + x*s - 4*c + 352, 20 = 5*c. Let z = -30 - s. What is the tens digit of z?
8
Suppose -2*v - 4 = -4*m - 20, 0 = -v - 3*m + 18. Suppose -18 = 3*u - 2*f + v, -4*f + 12 = 0. What is the units digit of 139 + (-4)/u*4?
1
Let s = 16 + -14. Let h be ((-4)/(-10))/((-1)/(-5)). Suppose -4*r + 150 = -2*r + 4*x, s*r - h*x - 162 = 0. What is the tens digit of r?
7
Let i(d) = 210*d**2 - 46*d - 112. What is the tens digit of i(-9)?
1
Suppose f - 1807 = 3*s + 32, -f + 5*s = -1847. Suppose 2998 = 5*w - f. Suppose -5*q = -3*t - 0*t - w, -2*t = -5*q + 965. What is the tens digit of q?
9
Suppose 2*u = 5*c + 27812, c = -5*u + 84385 - 14855. What is the thousands digit of u?
3
Suppose -y - 3*y = 5*i - 41, 3 = -3*y. Let h = 0 - -2. Suppose -h*d = -i*d + 350. What is the units digit of d?
0
Let w be (424/(-10))/4 - 12/30. Let g(p) = -33*p + 6. Let c be g(w). Let a = c + -244. What is the tens digit of a?
2
Suppose 0 = m + 3*o - 2*o - 3, 3*m - 3*o = -9. Suppose -15*h + 9*h + 5310 = m. What is the tens digit of h?
8
Let o be 3/12*0 - -2. Let c be o*(-164)/(-8) - 3. Suppose 4*f + 26 = c. What is the units digit of f?
3
Let w = -4887 - -52150. What is the thousands digit of w?
7
Let w = 32 + 56. What is the units digit of (1 + (-332)/4)/((-16)/w)?
1
Suppose -3645 = 31*y - 4*y. What is the tens digit of 30/y + (-8916)/(-27)?
3
Suppose -507597 - 111431 = -43*t. What is the hundreds digit of t?
3
Let z(t) = -t**2 - 3*t + 322. Let x be z(15). Suppose x*o - 57*o = -2325. What is the units digit of o?
5
Let r(z) = 5*z + 18. Let g be r(-5). What is the units digit of (-2)/g + 81879/343?
9
Let d(p) = p**3 + 21*p**2 + 2. Let c be d(-21). Suppose -5*v - 2*s = -114, 0 = -v - c*s + s + 24. Let b = -9 + v. What is the tens digit of b?
1
Let q be 18/(-63) - (3 + 950/7). What is the units digit of (-13)/(91/28)*q/2?
8
Let g(a) = -31*a + 107. Let u(z) = z**2 + 19*z - 20. Let x be u(-20). What is the hundreds digit of g(x)?
1
Let s = -368 + 711. Let f = s - 210. What is the units digit of f?
3
Suppose -15*q + 66166 = -6809. What is the tens digit of q?
6
Let m(z) = 9*z - 121. Let t = -717 - -735. What is the units digit of m(t)?
1
Suppose 8*h = 11*h - p + 190, 3*h + 5*p + 184 = 0. What is the hundreds digit of 465 + -7*45/h?
4
Let t = -51 + 92. Let p(y) = y**3 + 20*y**2 - 6*y + 844. Let r be p(-22). What is the hundreds digit of -2*t/r*(-25 - -13)?
1
Suppose -2*v - 12 = -5*q, 4*q - 6 = 5*v + 7. Let s(i) = i - 4. Let n be s(4). Suppose n*b - q*h - 120 = -4*b, -h + 56 = 2*b. What is the units digit of b?
9
Suppose 104*w - 107*w - x = -17737, x = 3*w - 17735. What is the units digit of w?
2
Let k be (-4 - -19)/((-8 - -4) + 5). Suppose -4*y + 10 + 10 = -j, j + 3*y - k = 0. What is the tens digit of 25/(-1)*(3 - (j + 6))?
7
Suppose 0 = -4*y + 4*d + 84, -y - 4*y + 117 = -2*d. Suppose -11*x + 6*x + y = 0. Suppose 0 = -4*u + x*u - 147. What is the units digit of u?
7
Let t(w) = 3*w**3 - 11*w**2 + 9*w - 48. Suppose 14*a - 7*a = 70. What is the units digit of t(a)?
2
Suppose -157052 = -31*p + 855439. What is the hundreds digit of p?
6
Let t(p) = -155*p**3 - 7*p**2 + 3*p + 30. What is the thousands digit of t(-4)?
9
Suppose 0 = -n - 10 + 12. Suppose -25 = -3*m - n*m, 3*b + 3*m - 2232 = 0. Suppose 8*u = b + 13. What is the units digit of u?
4
Let l(j) = 5*j**2 - 10*j - 38. Let g(q) = -16*q**2 + 31*q + 114. Let d(n) = 2*g(n) + 7*l(n). What is the tens digit of d(12)?
9
Suppose 2*h = -6, 0*u + u = -2*h - 4. Suppose 4*q + u + 2 = 0. Let a(c) = -97*c - 2. What is the units digit of a(q)?
5
Suppose -5*d + 647 = 637. What is the units digit of 5485*((-12)/(-30))/d?
7
Suppose -21*z + 19*z - 18412 = -2*g, 46018 = 5*g - 3*z. What is the tens digit of g?
0
Suppose 4*d + 17*i - 22402 = 15*i, 0 = 2*d + 5*i - 11189. What is the thousands digit of d?
5
Let y(a) = a**2 - 9*a. Let x be y(9). Suppose w + 2*w + 143 = 4*r, r + 5*w - 53 = x. Let u = 50 + r. What is the tens digit of u?
8
Let l(p) = -p**2 + 12*p + 3. Let t be l(12). Suppose 0 + 13 = -i + 3*o, t*i + 18 = 2*o. What is the units digit of (185/(-15))/((4/3)/i)?
7
Let a(j) = 181*j + 5. Let r be a(8). Suppose 6*v - 641 = r. What is the units digit of v?
9
Suppose -82 - 23 = -15*l. Let u(c) = 17*c + 11*c - 24*c - c**3 - l + 12*c**2. What is the units digit of u(12)?
1
Let k be ((-3843)/3)/3 + -3 + 6. Let n = 822 + k. Suppose 4*z + 0*j = -j + 390, 5*j - n = -4*z. What is the tens digit of z?
9
Let d(g) = -3*g**2 - 3*g - 12. Let q be d(-4). Let l = q - -35. Let m = l - -28. What is the units digit of m?
5
Suppose -177141 = -23*r - 92*r + 2753749. What is the units digit of r?
6
Let g(j) = 4231*j - 167. What is the hundreds digit of g(1)?
0
Let a(t) = -t**3 - 86*t**2 + 75*t + 38. What is the units digit of a(-94)?
6
Suppose 2*p + 718 = 732. What is the hundreds digit of -2 + p + 14610/30?
4
Suppose -2*k = 2*y + 10, -y + 6 = -5*k - 7. Suppose -8 = 6*b - 26. What is the tens digit of b/(k/(-55)) - 2?
5
Suppose 16*q + 311477 = -1280619. What is the hundreds digit of -1 - ((-4)/10 + q/110)?
9
Suppose 2*z = -2*l + 4886, -5*z + 3195 = 4*l - 6572. What is the thousands digit of l?
2
Suppose 101 + 109 = 2*m. Let n = 97 - m. Let u(z) = -z**3 - 4*z**2 + 14*z + 18. What is the tens digit of u(n)?
6
Let o(n) = 20*n - 22. Let v be o(15). Suppose -v - 313 = -3*j. What is the tens digit of j?
9
Let a(l) = 58*l**3 + 3*l**2 + 15*l + 12. What is the tens digit of a(10)?
6
Let k(l) = l**3 + 7*l + 7654. What is the units digit of k(0)?
4
Let s(c) = 2*c**2 - 23*c - 14. Let l(g) = -g**3 + 18*g**2 + 20*g - 7. Let p be l(19). Let j be s(p). What is the units digit of j - -5 - 3 - (-57)/3?
9
Let f = 182 - 179. Suppose 300 = f*d - 5*m - 427, 2*d - 494 =